3*m. What is z(5)?
8
Let z(d) be the third derivative of 0*d + 1/24*d**4 + 5*d**2 + 0 - 1/6*d**3. Give z(-6).
-7
Let u(c) be the second derivative of c**5/60 + c**4/12 - c**3/2 + c**2 - 4*c. Let k(y) be the first derivative of u(y). Give k(-3).
0
Let g(d) = -d. Let s be g(4). Let t(a) = 3*a**2 + 6*a + 4. Let u(k) = -k**2 - 1. Let i(z) = s*u(z) - t(z). Let j be -5*2/(-6 - -4). Calculate i(j).
-5
Let x(q) = q + 9. Let z be x(-5). Let m(k) = -4*k**3 - 10*k**2 - 6. Let j(f) = -f**3 - f**2 - f - 1. Let o(y) = 5*j(y) - m(y). Determine o(z).
-3
Let r(i) = i**2 - 8*i - 38. Let b be r(11). Let n(y) = -3*y**2 - 2*y - 4*y - y**3 - 3*y**2 + 2. Determine n(b).
7
Let j(t) = 4*t**2 + t + 10. Let o(n) = -5*n**2 - n - 11. Let a(u) = 6*j(u) + 5*o(u). Suppose 0 = 297*x - 295*x. What is a(x)?
5
Let j(y) = 6*y - 7 - 6 - 7 + 18. Calculate j(-3).
-20
Let w(z) = 7*z - 1. Let x be ((-10)/30)/((-2)/(-6)). Determine w(x).
-8
Let u(s) be the second derivative of -s**4/8 - 2*s**3/3 - 3*s**2/2 + s. Let t(g) be the first derivative of u(g). Let j be (0 - (-3)/2)*-2. What is t(j)?
5
Let t(s) = 2*s**2 - 3*s**2 + s**3 + 4*s - 4*s**2 - 3 + 0*s. Let g be 4 - (-3)/(9/(-3)). Determine t(g).
-9
Let d be 1/(((-6)/2)/9). Let p(i) = i**2 + i - 3. Let s be p(d). Let g(x) = 2 - 3 - x**s + x + 3. Calculate g(0).
2
Suppose -5*z = -a - 2*a + 9, -44 = -4*a - 4*z. Suppose -i - i = a. Let b(r) = -3*r - 1. Let h(u) = -u. Let s(y) = 2*b(y) - 5*h(y). Give s(i).
2
Let f(i) = -6*i - 7. Let w(j) = 0*j + 7*j + 0*j + 8. Let r(s) = -6*f(s) - 5*w(s). Determine r(-1).
1
Let v = 53 - -38. Suppose 4*i + v = 3*b, -3*i = 3*b - 69 + 6. Suppose -3*y = 15, 5*m + 3*y + b = 3*m. Let k(z) = z**3 + 4*z**2 - 7*z - 3. Determine k(m).
7
Let u(b) = 16*b**3 + b. Let g(c) = -3*c**3. Let m(l) = -11*g(l) - 2*u(l). Give m(2).
4
Let s = 176 - 179. Let g(o) = 4*o - 3. What is g(s)?
-15
Suppose 5*k - 5 + 3 = 2*x, 4 = -4*x. Suppose -8 = -k*r - 5*r + l, l + 6 = 4*r. Suppose -3 = -r*m - m + 3*w, 3*w = -3*m - 21. Let v(y) = -y**2 + 4. What is v(m)?
-5
Let v(t) be the third derivative of -t**5/20 + t**4/8 - 7*t**2. Let s = -3 + 5. Give v(s).
-6
Let a(x) = -1 - 2 + 4*x - x + 0 - x**2. What is a(4)?
-7
Let p be (-24)/15*(-5)/2. Let d(f) = 2 + f**2 + 1 - p - 1 - 5*f. Calculate d(4).
-6
Let m = 8 - 3. Let f(k) = -4*k - m - k - 1 + 3*k. Let b be -2*(14/4 + -1). Give f(b).
4
Let n(z) = z**3 + 5*z**2 - z + 1. Let l = 3 - 3. Suppose -x - 5 = -l*x. What is n(x)?
6
Let y(m) = -m**2 + 4*m + 3. Let h be -2*(-2 + 1/2). Suppose h*q - 12 = -q. What is y(q)?
6
Let c(p) = -p**3 + 8*p**2 - 5*p - 11. Let t be c(7). Let f(k) be the second derivative of 5/12*k**4 + 0 + 5/2*k**2 - k + 0*k**t + 1/20*k**5. Give f(-5).
5
Suppose 0 = -i + 4*m - 0 + 14, -2*i + 1 = m. Let d(v) be the first derivative of v - 7/2*v**i - 1. Give d(-1).
8
Suppose -2*i - 5*d - 9 = i, 0 = 2*i - d - 7. Let h = 2 + -2. Let p(l) = 0*l + l + h - 1 - 4*l. Determine p(i).
-7
Let g be 21/6 - 1/2. Let s(h) = 2 - 4*h + 2*h - 2*h - g. Give s(-3).
11
Let h be 11/(-3) - (-2)/3. Let l(k) = 2*k - 2*k - 3*k + 4 - 3. Calculate l(h).
10
Let m(u) = u**2 - 8*u + 1. Let j be m(8). Let c(x) = 1 - 2*x + 3 + 1 + j. Give c(6).
-6
Let p(r) = 3*r**3 + 4*r - 7. Let y(j) = -4*j**3 - j**2 - 4*j + 7. Let u(i) = -5*p(i) - 4*y(i). Give u(-5).
2
Let y(g) = g**2 - g. Let r = 12 - 17. Let p(h) = -7*h**2 + 3. Let s(b) = r*y(b) - p(b). What is s(-4)?
9
Let q(t) = 15 + 17 - 2*t - 22. Give q(8).
-6
Let k be (-75)/(-12) + (-1)/4. Let c = 5 - k. Let z(t) = -7*t - 1. Calculate z(c).
6
Let l(p) = p**2 - 4*p - 7. Let q(d) = 10*d**2 + 2*d - 1. Let i be q(1). Suppose i = o + 1. Let v = o + -4. Determine l(v).
5
Let m(b) = 3*b**3 + 8*b**2 + 7*b + 3. Let l(s) = -s**3 - 4*s**2 - 3*s - 1. Let g(n) = -5*l(n) - 2*m(n). Let i = -34 + 38. Give g(i).
3
Let p(v) = 4*v - 3. Let w(j) = 12*j + 52. Let a be w(-4). Calculate p(a).
13
Let i(a) be the first derivative of 8/3*a**3 - 2 - a**2 + a. Suppose -2*h + 1 = -h. Determine i(h).
7
Let h(f) be the third derivative of f**6/120 - f**5/12 + f**4/24 - 5*f**3/6 + 2*f**2. Suppose 12 = -m + 2*m. Let d = m + -7. Give h(d).
0
Let u(i) = i**3 + i**2 - 2*i - 3. Suppose -l + w = 0, 4*l + 14 = -3*w - 0*w. What is u(l)?
-3
Let l(s) = -s**3 - s**2 + 8*s + 4. Let t(i) = -2*i**3 - 2*i**2 + 17*i + 9. Let x(r) = -9*l(r) + 4*t(r). Give x(-3).
-6
Let y(r) = r**3 + 2*r**2 + 2*r - 2. Let d be y(-2). Let k = d + 8. Let a(x) = x**2 - 9*x**k + 4 - x - 3. What is a(1)?
-8
Let q(c) = 1 + 0*c + 6*c**2 - c - 5*c**2. Suppose 3 = 5*u - 17. Suppose -u*m - 1 = -5*m. Determine q(m).
1
Suppose u - 5*u - 24 = -4*d, 8 = -4*d - 4*u. Let l be -2 - d - 1/1. Let g(k) = -k**3 - 5*k**2 + 1. Calculate g(l).
1
Let f(n) be the second derivative of 2*n + 0 + 1/6*n**3 + 1/2*n**2 - 1/30*n**5 - 1/12*n**4. Let h(q) be the first derivative of f(q). Determine h(1).
-3
Let w be (4 + 0)/((21 + -11)/5). Let a(q) = -5*q**2 + 2*q. Let u(o) = 9*o**2 - 4*o. Let t(d) = -5*a(d) - 3*u(d). Give t(w).
-4
Let q(r) = 4*r - 3. Let a be q(2). Suppose -2*n + 0*c - a*c - 12 = 0, 2*n - 2*c = 16. Let d(m) = m**2 - 2*m. Determine d(n).
8
Let s(r) = -18*r - 19*r - r**2 + 3 + 43*r - 2. Determine s(6).
1
Let d(f) = -15*f + 2. Let g(b) = -7*b + 1. Let p(h) = 6*d(h) - 13*g(h). What is p(-6)?
-7
Let n(c) = -c**2 + 1. Let b be (-3)/4*(1 + -5). Calculate n(b).
-8
Let p(b) = b**2 + b - 1. Suppose -4*i = -48 - 0. Let w(j) = i - 2*j**2 - 4*j - 2*j**2 - 2*j. Let k(d) = 5*p(d) + w(d). What is k(0)?
7
Let p(o) = 8*o + 3*o + 2*o. Determine p(-1).
-13
Let s = 1 + -6. Let z(a) = a**3 + 6*a**2 + 3*a - 6. What is z(s)?
4
Suppose -1 - 17 = -b + 3*d, 3*d = -3*b + 6. Let p = b - 1. Let m(j) be the first derivative of j**4/4 - 2*j**3 + 7*j**2/2 + 3. What is m(p)?
10
Let p = -5 + 8. Let i(c) = -c - 1 - 2*c + p + 0*c. Let l = 3 - 1. Determine i(l).
-4
Let y(w) be the first derivative of -1 + 1/4*w**4 - 1/60*w**5 + 0*w - 1/3*w**3 + w**2. Let k(s) be the second derivative of y(s). Determine k(4).
6
Let n(j) = j - 3. Let h(v) = 5*v**2 - v + 2. Let m be h(2). Suppose 0 = -2*y - 3*y - m. Determine n(y).
-7
Let v(p) = p - 1. Let z(k) be the first derivative of -5*k**4/4 + k**2/2 - 4. Let h be z(1). What is v(h)?
-5
Let l(c) = -3*c**2 + 15*c. Let d(f) = f**2 - f - 2. Let j(u) = -2*d(u) - l(u). What is j(13)?
4
Let p(s) = -s**2 + 4*s + 7. Let t be 3/(-9)*(-15)/1. Let a be p(t). Let q(m) = 2*m**2 + m - 2. Give q(a).
8
Let r be (-7 + -3)/5 - -4. Let p(m) = -3*m**2 + 3*m - 2. Give p(r).
-8
Let c(a) = -4*a + 4. Let z be c(0). Let g(h) be the second derivative of 0 + 1/3*h**3 - 1/12*h**z - 3*h - 2*h**2. What is g(3)?
-7
Let a(z) be the first derivative of z**4/4 + 2*z**3/3 - 2*z**2 - z + 17. Let f = -10 - -7. Calculate a(f).
2
Suppose -u + 3*u = -10. Let s(i) be the first derivative of i**2/2 + 21. Determine s(u).
-5
Let g(r) = 3*r**3 - r**2 - 3*r + 1. Let u = 39 - 37. What is g(u)?
15
Suppose 6*p + 60 = p - 5*w, -24 = 2*p + 5*w. Let u(o) = -o**2 - 11*o + 15. Give u(p).
3
Let m(v) be the first derivative of -v**2/2 - 2*v - 3. Suppose 3*t - 9 = -3*h, -h - 4*t + 8 = -2*t. Determine m(h).
0
Let r(o) = o + 1. Let m(c) = -1. Let p(j) = -4*m(j) + r(j). Let k(u) be the third derivative of -u**4/24 - 4*u**3/3 - 6*u**2. Let x be k(-4). Determine p(x).
1
Let f(s) = -s - 1. Let z be f(0). Let u(l) be the second derivative of -2*l**5/5 + l**4/12 + l**3/6 - 3*l. What is u(z)?
8
Let d(c) = c**2 + 7*c + 4. Let t be d(-6). Let a(p) = p**2 + 8*p + 3. Let n be a(-9). Let m(q) = 8 + q - n + 2. What is m(t)?
-4
Let f(z) = -6*z**3 + 7*z**2 - 7*z. Let x(d) = 12*d**3 - 13*d**2 + 13*d. Let s(l) = 11*f(l) + 6*x(l). Calculate s(1).
6
Let p(k) = -k**3 - 2. Let z = -3 + 3. Suppose 2*c - c - 2 = z. Calculate p(c).
-10
Let b(d) = 6*d**3 - d**2 - 3*d**3 + 1 - d + 2*d**2. Let k(u) = -u**3 + 1 + 8*u**2 - 12*u**2 - 2*u - u. Let v be k(-3). Calculate b(v).
4
Let a(v) = -v**2 - 6*v - 5. Let d be (3/(-9))/((-2)/(-24)). Give a(d).
3
Let w(d) be the third derivative of d**6/180 - d**5/40 + d**4/12 + d**3/2 + d**2. Let b(t) be the first derivative of w(t). Give b(2).
4
Let a(q) = -q + 1. Suppose -5*j + 3 - 8 = 0. Let p(x) = 2*x + 8. Let o(k) = j*p(k) - a(k). What is o(-5)?
-4
Suppose -3*y = -5*a + 11, -y - 26 = -3*y - 5*a. Let z(h) = -5*h**2 + 5*h + 4. Let x(s) = 3*s**2 - 3*s - 2. Let i(r) = 7*x(r) + 4*z(r). What is i(y)?
8
Let h(k) 